{"id":10,"date":"2025-07-31T09:20:30","date_gmt":"2025-07-31T09:20:30","guid":{"rendered":"https:\/\/araloskitdigital.com\/?page_id=10"},"modified":"2025-07-31T10:25:03","modified_gmt":"2025-07-31T10:25:03","slug":"home","status":"publish","type":"page","link":"https:\/\/araloskitdigital.com\/","title":{"rendered":"Home"},"content":{"rendered":"\t\t<div data-elementor-type=\"wp-page\" data-elementor-id=\"10\" class=\"elementor elementor-10\" data-elementor-post-type=\"page\">\n\t\t\t\t<div class=\"elementor-element elementor-element-44f57ce8 e-flex e-con-boxed e-con e-parent\" data-id=\"44f57ce8\" data-element_type=\"container\" data-settings=\"{&quot;background_background&quot;:&quot;classic&quot;}\">\n\t\t\t\t\t<div class=\"e-con-inner\">\n\t\t\t\t<div class=\"elementor-element elementor-element-9549059 elementor-widget elementor-widget-image\" data-id=\"9549059\" data-element_type=\"widget\" data-widget_type=\"image.default\">\n\t\t\t\t\t\t\t\t\t\t\t\t\t\t\t<img fetchpriority=\"high\" decoding=\"async\" width=\"677\" height=\"378\" src=\"https:\/\/araloskitdigital.com\/wp-content\/uploads\/2025\/07\/logoARALOS-1.png\" class=\"attachment-large size-large wp-image-23\" alt=\"\" srcset=\"https:\/\/araloskitdigital.com\/wp-content\/uploads\/2025\/07\/logoARALOS-1.png 677w, https:\/\/araloskitdigital.com\/wp-content\/uploads\/2025\/07\/logoARALOS-1-300x168.png 300w\" sizes=\"(max-width: 677px) 100vw, 677px\" \/>\t\t\t\t\t\t\t\t\t\t\t\t\t\t\t<\/div>\n\t\t\t\t\t<\/div>\n\t\t\t\t<\/div>\n\t\t<div class=\"elementor-element elementor-element-16712b91 e-con-full e-flex e-con e-parent\" data-id=\"16712b91\" data-element_type=\"container\" data-settings=\"{&quot;background_background&quot;:&quot;gradient&quot;}\">\n\t\t<div class=\"elementor-element elementor-element-39dae93e e-con-full e-flex e-con e-child\" data-id=\"39dae93e\" data-element_type=\"container\">\n\t\t\t\t<div class=\"elementor-element elementor-element-20cf9f48 elementor-invisible elementor-widget elementor-widget-image\" data-id=\"20cf9f48\" data-element_type=\"widget\" data-settings=\"{&quot;motion_fx_motion_fx_scrolling&quot;:&quot;yes&quot;,&quot;motion_fx_translateY_effect&quot;:&quot;yes&quot;,&quot;motion_fx_translateY_direction&quot;:&quot;negative&quot;,&quot;motion_fx_translateY_speed&quot;:{&quot;unit&quot;:&quot;px&quot;,&quot;size&quot;:1.5,&quot;sizes&quot;:[]},&quot;_animation&quot;:&quot;slideInLeft&quot;,&quot;motion_fx_translateY_affectedRange&quot;:{&quot;unit&quot;:&quot;%&quot;,&quot;size&quot;:&quot;&quot;,&quot;sizes&quot;:{&quot;start&quot;:0,&quot;end&quot;:100}},&quot;motion_fx_devices&quot;:[&quot;desktop&quot;,&quot;tablet&quot;,&quot;mobile&quot;]}\" data-widget_type=\"image.default\">\n\t\t\t\t\t\t\t\t\t\t\t\t\t\t\t<img decoding=\"async\" width=\"800\" height=\"532\" src=\"https:\/\/araloskitdigital.com\/wp-content\/uploads\/2025\/07\/ARALOS-30-1024x681.jpg\" class=\"attachment-large size-large wp-image-62\" alt=\"\" srcset=\"https:\/\/araloskitdigital.com\/wp-content\/uploads\/2025\/07\/ARALOS-30-1024x681.jpg 1024w, https:\/\/araloskitdigital.com\/wp-content\/uploads\/2025\/07\/ARALOS-30-300x200.jpg 300w, https:\/\/araloskitdigital.com\/wp-content\/uploads\/2025\/07\/ARALOS-30-768x511.jpg 768w, https:\/\/araloskitdigital.com\/wp-content\/uploads\/2025\/07\/ARALOS-30-1536x1022.jpg 1536w, https:\/\/araloskitdigital.com\/wp-content\/uploads\/2025\/07\/ARALOS-30-2048x1363.jpg 2048w\" sizes=\"(max-width: 800px) 100vw, 800px\" \/>\t\t\t\t\t\t\t\t\t\t\t\t\t\t\t<\/div>\n\t\t\t\t<\/div>\n\t\t<div class=\"elementor-element elementor-element-49f0453d e-con-full e-flex e-con e-child\" data-id=\"49f0453d\" data-element_type=\"container\">\n\t\t<div class=\"elementor-element elementor-element-55c95bcf e-flex e-con-boxed e-con e-child\" data-id=\"55c95bcf\" data-element_type=\"container\">\n\t\t\t\t\t<div class=\"e-con-inner\">\n\t\t\t\t<div class=\"elementor-element elementor-element-137d52a1 animated-slow elementor-invisible elementor-widget elementor-widget-heading\" data-id=\"137d52a1\" data-element_type=\"widget\" data-settings=\"{&quot;_animation&quot;:&quot;fadeIn&quot;}\" data-widget_type=\"heading.default\">\n\t\t\t\t\t<h1 class=\"elementor-heading-title elementor-size-default\">Tu P\u00e1gina Web GRATIS con el Kit Digital<\/h1>\t\t\t\t<\/div>\n\t\t\t\t<div class=\"elementor-element elementor-element-7167125 elementor-invisible elementor-widget elementor-widget-text-editor\" data-id=\"7167125\" data-element_type=\"widget\" data-settings=\"{&quot;_animation&quot;:&quot;fadeIn&quot;,&quot;_animation_delay&quot;:200}\" data-widget_type=\"text-editor.default\">\n\t\t\t\t\t\t\t\t\t<p data-start=\"1260\" data-end=\"1388\">No es solo una web bonita. Te entregamos una herramienta completa con <strong data-start=\"1343\" data-end=\"1375\">gestor de reservas integrado<\/strong>, ideal para hacer crecer tu negocio.<\/p>\t\t\t\t\t\t\t\t<\/div>\n\t\t\t\t<div class=\"elementor-element elementor-element-578837bd elementor-mobile-align-justify animated-fast elementor-invisible elementor-widget elementor-widget-button\" data-id=\"578837bd\" data-element_type=\"widget\" data-settings=\"{&quot;_animation&quot;:&quot;fadeIn&quot;,&quot;_animation_delay&quot;:400}\" data-widget_type=\"button.default\">\n\t\t\t\t\t\t\t\t\t\t<a class=\"elementor-button elementor-button-link elementor-size-sm elementor-animation-float\" href=\"https:\/\/calendly.com\/raquelaralos\/30min\">\n\t\t\t\t\t\t<span class=\"elementor-button-content-wrapper\">\n\t\t\t\t\t\t\t\t\t<span class=\"elementor-button-text\">Agendar llamada<\/span>\n\t\t\t\t\t<\/span>\n\t\t\t\t\t<\/a>\n\t\t\t\t\t\t\t\t<\/div>\n\t\t\t\t\t<\/div>\n\t\t\t\t<\/div>\n\t\t\t\t<\/div>\n\t\t\t\t<\/div>\n\t\t<div class=\"elementor-element elementor-element-19d6341b e-flex e-con-boxed e-con e-parent\" data-id=\"19d6341b\" data-element_type=\"container\">\n\t\t\t\t\t<div class=\"e-con-inner\">\n\t\t\t\t<div class=\"elementor-element elementor-element-5c975c75 elementor-widget elementor-widget-heading\" data-id=\"5c975c75\" data-element_type=\"widget\" data-widget_type=\"heading.default\">\n\t\t\t\t\t<h4 class=\"elementor-heading-title elementor-size-default\">TODO ESTO, \u00a1SIN COSTE!<\/h4>\t\t\t\t<\/div>\n\t\t\t\t<div class=\"elementor-element elementor-element-47394437 animated-slow elementor-invisible elementor-widget elementor-widget-heading\" data-id=\"47394437\" data-element_type=\"widget\" data-settings=\"{&quot;_animation&quot;:&quot;fadeIn&quot;}\" data-widget_type=\"heading.default\">\n\t\t\t\t\t<h2 class=\"elementor-heading-title elementor-size-default\">\u00bfQu\u00e9 incluye nuestra soluci\u00f3n web?<\/h2>\t\t\t\t<\/div>\n\t\t\t\t\t<\/div>\n\t\t\t\t<\/div>\n\t\t<div class=\"elementor-element elementor-element-4f696817 e-flex e-con-boxed elementor-invisible e-con e-parent\" data-id=\"4f696817\" data-element_type=\"container\" data-settings=\"{&quot;animation&quot;:&quot;fadeInUp&quot;}\">\n\t\t\t\t\t<div class=\"e-con-inner\">\n\t\t<div class=\"elementor-element elementor-element-73a9c198 e-con-full e-flex e-con e-child\" data-id=\"73a9c198\" data-element_type=\"container\" data-settings=\"{&quot;background_background&quot;:&quot;classic&quot;}\">\n\t\t\t\t<div class=\"elementor-element elementor-element-5ce598a0 animated-slow elementor-invisible elementor-widget elementor-widget-heading\" data-id=\"5ce598a0\" data-element_type=\"widget\" data-settings=\"{&quot;_animation&quot;:&quot;fadeIn&quot;}\" data-widget_type=\"heading.default\">\n\t\t\t\t\t<h3 class=\"elementor-heading-title elementor-size-default\">P\u00e1gina web profesional adaptada a tu marca<\/h3>\t\t\t\t<\/div>\n\t\t\t\t<div class=\"elementor-element elementor-element-112018c6 elementor-invisible elementor-widget elementor-widget-text-editor\" data-id=\"112018c6\" data-element_type=\"widget\" data-settings=\"{&quot;_animation&quot;:&quot;fadeIn&quot;,&quot;_animation_delay&quot;:200}\" data-widget_type=\"text-editor.default\">\n\t\t\t\t\t\t\t\t\t<p>Creamos una web moderna, visual y alineada con la identidad de tu negocio.<\/p>\t\t\t\t\t\t\t\t<\/div>\n\t\t\t\t<\/div>\n\t\t<div class=\"elementor-element elementor-element-68f59d44 e-con-full e-flex e-con e-child\" data-id=\"68f59d44\" data-element_type=\"container\" data-settings=\"{&quot;background_background&quot;:&quot;classic&quot;}\">\n\t\t\t\t<div class=\"elementor-element elementor-element-499e71ac animated-slow elementor-invisible elementor-widget elementor-widget-heading\" data-id=\"499e71ac\" data-element_type=\"widget\" data-settings=\"{&quot;_animation&quot;:&quot;fadeIn&quot;}\" data-widget_type=\"heading.default\">\n\t\t\t\t\t<h3 class=\"elementor-heading-title elementor-size-default\"> Sistema de reservas integrado<\/h3>\t\t\t\t<\/div>\n\t\t\t\t<div class=\"elementor-element elementor-element-2d249684 elementor-invisible elementor-widget elementor-widget-text-editor\" data-id=\"2d249684\" data-element_type=\"widget\" data-settings=\"{&quot;_animation&quot;:&quot;fadeIn&quot;,&quot;_animation_delay&quot;:200}\" data-widget_type=\"text-editor.default\">\n\t\t\t\t\t\t\t\t\t<p data-start=\"427\" data-end=\"621\">Permite que tus clientes reserven 24\/7 desde cualquier dispositivo.<\/p>\t\t\t\t\t\t\t\t<\/div>\n\t\t\t\t<\/div>\n\t\t<div class=\"elementor-element elementor-element-6769455 e-con-full e-flex e-con e-child\" data-id=\"6769455\" data-element_type=\"container\" data-settings=\"{&quot;background_background&quot;:&quot;classic&quot;}\">\n\t\t\t\t<div class=\"elementor-element elementor-element-2e6627b6 animated-slow elementor-invisible elementor-widget elementor-widget-heading\" data-id=\"2e6627b6\" data-element_type=\"widget\" data-settings=\"{&quot;_animation&quot;:&quot;fadeIn&quot;}\" data-widget_type=\"heading.default\">\n\t\t\t\t\t<h3 class=\"elementor-heading-title elementor-size-default\">Hosting y dominio gratis durante 1 a\u00f1o<\/h3>\t\t\t\t<\/div>\n\t\t\t\t<div class=\"elementor-element elementor-element-19e6f293 elementor-invisible elementor-widget elementor-widget-text-editor\" data-id=\"19e6f293\" data-element_type=\"widget\" data-settings=\"{&quot;_animation&quot;:&quot;fadeIn&quot;,&quot;_animation_delay&quot;:200}\" data-widget_type=\"text-editor.default\">\n\t\t\t\t\t\t\t\t\t<p>Incluimos el alojamiento web y el dominio para tu marca durante un a\u00f1o.<\/p>\t\t\t\t\t\t\t\t<\/div>\n\t\t\t\t<\/div>\n\t\t\t\t\t<\/div>\n\t\t\t\t<\/div>\n\t\t<div class=\"elementor-element elementor-element-2d5d1974 e-flex e-con-boxed e-con e-parent\" data-id=\"2d5d1974\" data-element_type=\"container\" data-settings=\"{&quot;background_background&quot;:&quot;classic&quot;}\">\n\t\t\t\t\t<div class=\"e-con-inner\">\n\t\t<div class=\"elementor-element elementor-element-9c98b99 e-con-full e-flex e-con e-child\" data-id=\"9c98b99\" data-element_type=\"container\">\n\t\t\t\t<div class=\"elementor-element elementor-element-598e9cf animated-slow elementor-invisible elementor-widget elementor-widget-heading\" data-id=\"598e9cf\" data-element_type=\"widget\" data-settings=\"{&quot;_animation&quot;:&quot;fadeIn&quot;}\" data-widget_type=\"heading.default\">\n\t\t\t\t\t<h2 class=\"elementor-heading-title elementor-size-default\">Descubre nuestras demos<\/h2>\t\t\t\t<\/div>\n\t\t\t\t<\/div>\n\t\t<div class=\"elementor-element elementor-element-2f127f4 e-con-full e-flex e-con e-child\" data-id=\"2f127f4\" data-element_type=\"container\">\n\t\t<div class=\"elementor-element elementor-element-7d1d13c e-con-full e-flex e-con e-child\" data-id=\"7d1d13c\" data-element_type=\"container\">\n\t\t\t\t<div class=\"elementor-element elementor-element-5adf867 elementor-widget elementor-widget-image\" data-id=\"5adf867\" data-element_type=\"widget\" data-widget_type=\"image.default\">\n\t\t\t\t\t\t\t\t\t\t\t\t\t\t\t\t<a href=\"http:\/\/taller.aralos.com\/\">\n\t\t\t\t\t\t\t<img decoding=\"async\" width=\"800\" height=\"419\" src=\"https:\/\/araloskitdigital.com\/wp-content\/uploads\/2025\/07\/taller2-1024x536.png\" class=\"attachment-large size-large wp-image-79\" alt=\"\" srcset=\"https:\/\/araloskitdigital.com\/wp-content\/uploads\/2025\/07\/taller2-1024x536.png 1024w, https:\/\/araloskitdigital.com\/wp-content\/uploads\/2025\/07\/taller2-300x157.png 300w, https:\/\/araloskitdigital.com\/wp-content\/uploads\/2025\/07\/taller2-768x402.png 768w, https:\/\/araloskitdigital.com\/wp-content\/uploads\/2025\/07\/taller2-1536x804.png 1536w, https:\/\/araloskitdigital.com\/wp-content\/uploads\/2025\/07\/taller2-2048x1072.png 2048w\" sizes=\"(max-width: 800px) 100vw, 800px\" \/>\t\t\t\t\t\t\t\t<\/a>\n\t\t\t\t\t\t\t\t\t\t\t\t\t\t\t<\/div>\n\t\t\t\t<div class=\"elementor-element elementor-element-0a53c98 elementor-widget elementor-widget-text-editor\" data-id=\"0a53c98\" data-element_type=\"widget\" data-widget_type=\"text-editor.default\">\n\t\t\t\t\t\t\t\t\t<p>TALLER MEC\u00c1NICO<\/p>\t\t\t\t\t\t\t\t<\/div>\n\t\t\t\t<\/div>\n\t\t<div class=\"elementor-element elementor-element-31d931e e-con-full e-flex e-con e-child\" data-id=\"31d931e\" data-element_type=\"container\">\n\t\t\t\t<div class=\"elementor-element elementor-element-b0e160b elementor-widget elementor-widget-image\" data-id=\"b0e160b\" data-element_type=\"widget\" data-widget_type=\"image.default\">\n\t\t\t\t\t\t\t\t\t\t\t\t\t\t\t\t<a href=\"https:\/\/psico.araloskitdigital.com\/\">\n\t\t\t\t\t\t\t<img loading=\"lazy\" decoding=\"async\" width=\"800\" height=\"427\" src=\"https:\/\/araloskitdigital.com\/wp-content\/uploads\/2025\/07\/psico-1024x546.png\" class=\"attachment-large size-large wp-image-68\" alt=\"\" srcset=\"https:\/\/araloskitdigital.com\/wp-content\/uploads\/2025\/07\/psico-1024x546.png 1024w, https:\/\/araloskitdigital.com\/wp-content\/uploads\/2025\/07\/psico-300x160.png 300w, https:\/\/araloskitdigital.com\/wp-content\/uploads\/2025\/07\/psico-768x409.png 768w, https:\/\/araloskitdigital.com\/wp-content\/uploads\/2025\/07\/psico-1536x818.png 1536w, https:\/\/araloskitdigital.com\/wp-content\/uploads\/2025\/07\/psico-2048x1091.png 2048w\" sizes=\"(max-width: 800px) 100vw, 800px\" \/>\t\t\t\t\t\t\t\t<\/a>\n\t\t\t\t\t\t\t\t\t\t\t\t\t\t\t<\/div>\n\t\t\t\t<div class=\"elementor-element elementor-element-fbc79ce elementor-widget elementor-widget-text-editor\" data-id=\"fbc79ce\" data-element_type=\"widget\" data-widget_type=\"text-editor.default\">\n\t\t\t\t\t\t\t\t\t<p>PSICOLOG\u00cdA<\/p>\t\t\t\t\t\t\t\t<\/div>\n\t\t\t\t<\/div>\n\t\t\t\t<\/div>\n\t\t<div class=\"elementor-element elementor-element-8357d8e e-con-full e-flex e-con e-child\" data-id=\"8357d8e\" data-element_type=\"container\">\n\t\t\t\t<div class=\"elementor-element elementor-element-70bf5a3 elementor-mobile-align-justify animated-fast elementor-align-center elementor-invisible elementor-widget elementor-widget-button\" data-id=\"70bf5a3\" data-element_type=\"widget\" data-settings=\"{&quot;_animation&quot;:&quot;fadeIn&quot;,&quot;_animation_delay&quot;:400}\" data-widget_type=\"button.default\">\n\t\t\t\t\t\t\t\t\t\t<a class=\"elementor-button elementor-button-link elementor-size-sm elementor-animation-float\" href=\"https:\/\/calendly.com\/raquelaralos\/30min\">\n\t\t\t\t\t\t<span class=\"elementor-button-content-wrapper\">\n\t\t\t\t\t\t\t\t\t<span class=\"elementor-button-text\">Agendar llamada<\/span>\n\t\t\t\t\t<\/span>\n\t\t\t\t\t<\/a>\n\t\t\t\t\t\t\t\t<\/div>\n\t\t\t\t<\/div>\n\t\t\t\t\t<\/div>\n\t\t\t\t<\/div>\n\t\t<div class=\"elementor-element elementor-element-242a9e55 e-flex e-con-boxed e-con e-parent\" data-id=\"242a9e55\" data-element_type=\"container\">\n\t\t\t\t\t<div class=\"e-con-inner\">\n\t\t\t\t<div class=\"elementor-element elementor-element-59059d30 elementor-widget elementor-widget-heading\" data-id=\"59059d30\" data-element_type=\"widget\" data-widget_type=\"heading.default\">\n\t\t\t\t\t<p class=\"elementor-heading-title elementor-size-default\">aralos@aralos.com. www.aralos.com<\/p>\t\t\t\t<\/div>\n\t\t\t\t<div class=\"elementor-element elementor-element-7379f02 elementor-widget elementor-widget-heading\" data-id=\"7379f02\" data-element_type=\"widget\" data-widget_type=\"heading.default\">\n\t\t\t\t\t<p class=\"elementor-heading-title elementor-size-default\">\u00a9 2025 \u00c1ralos. Todos los derechos reservados<\/p>\t\t\t\t<\/div>\n\t\t\t\t\t<\/div>\n\t\t\t\t<\/div>\n\t\t\t\t<\/div>\n\t\t","protected":false},"excerpt":{"rendered":"<p>Tu P\u00e1gina Web GRATIS con el Kit Digital No es solo una web bonita. Te entregamos una herramienta completa con gestor de reservas integrado, ideal para hacer crecer tu negocio. Agendar llamada TODO ESTO, \u00a1SIN COSTE! \u00bfQu\u00e9 incluye nuestra soluci\u00f3n web? P\u00e1gina web profesional adaptada a tu marca Creamos una web moderna, visual y alineada [&hellip;]<\/p>\n","protected":false},"author":1,"featured_media":0,"parent":0,"menu_order":0,"comment_status":"closed","ping_status":"closed","template":"","meta":{"footnotes":""},"class_list":["post-10","page","type-page","status-publish","hentry"],"_links":{"self":[{"href":"https:\/\/araloskitdigital.com\/index.php?rest_route=\/wp\/v2\/pages\/10","targetHints":{"allow":["GET"]}}],"collection":[{"href":"https:\/\/araloskitdigital.com\/index.php?rest_route=\/wp\/v2\/pages"}],"about":[{"href":"https:\/\/araloskitdigital.com\/index.php?rest_route=\/wp\/v2\/types\/page"}],"author":[{"embeddable":true,"href":"https:\/\/araloskitdigital.com\/index.php?rest_route=\/wp\/v2\/users\/1"}],"replies":[{"embeddable":true,"href":"https:\/\/araloskitdigital.com\/index.php?rest_route=%2Fwp%2Fv2%2Fcomments&post=10"}],"version-history":[{"count":37,"href":"https:\/\/araloskitdigital.com\/index.php?rest_route=\/wp\/v2\/pages\/10\/revisions"}],"predecessor-version":[{"id":82,"href":"https:\/\/araloskitdigital.com\/index.php?rest_route=\/wp\/v2\/pages\/10\/revisions\/82"}],"wp:attachment":[{"href":"https:\/\/araloskitdigital.com\/index.php?rest_route=%2Fwp%2Fv2%2Fmedia&parent=10"}],"curies":[{"name":"wp","href":"https:\/\/api.w.org\/{rel}","templated":true}]}}